{"id":8029,"date":"2024-01-07T20:09:28","date_gmt":"2024-01-07T20:09:28","guid":{"rendered":"https:\/\/www.radiotop.sk\/?page_id=8029"},"modified":"2024-01-07T20:14:54","modified_gmt":"2024-01-07T20:14:54","slug":"podcasty","status":"publish","type":"page","link":"https:\/\/www.radiotop.sk\/?page_id=8029","title":{"rendered":"Podcasty"},"content":{"rendered":"\t\t<div data-elementor-type=\"wp-page\" data-elementor-id=\"8029\" class=\"elementor elementor-8029\" data-elementor-post-type=\"page\">\n\t\t\t\t\t\t\t<div class=\"elementor-element elementor-element-ce01746 e-flex e-con-boxed e-con e-parent\" data-id=\"ce01746\" data-element_type=\"container\" data-settings=\"{&quot;background_background&quot;:&quot;classic&quot;,&quot;content_width&quot;:&quot;boxed&quot;}\" data-core-v316-plus=\"true\">\n\t\t\t\t\t<div class=\"e-con-inner\">\n\t\t\t\t<div class=\"elementor-element elementor-element-688a64d elementor-widget-divider--view-line elementor-widget elementor-widget-divider\" data-id=\"688a64d\" data-element_type=\"widget\" data-widget_type=\"divider.default\">\n\t\t\t\t<div class=\"elementor-widget-container\">\n\t\t\t\t\t<div class=\"elementor-divider\">\n\t\t\t<span class=\"elementor-divider-separator\">\n\t\t\t\t\t\t<\/span>\n\t\t<\/div>\n\t\t\t\t<\/div>\n\t\t\t\t<\/div>\n\t\t\t\t\t<\/div>\n\t\t\t\t<\/div>\n\t\t<div class=\"elementor-element elementor-element-6680559 e-flex e-con-boxed e-con e-parent\" data-id=\"6680559\" data-element_type=\"container\" data-settings=\"{&quot;content_width&quot;:&quot;boxed&quot;}\" data-core-v316-plus=\"true\">\n\t\t\t\t\t<div class=\"e-con-inner\">\n\t\t\t\t<div class=\"elementor-element elementor-element-f6562c3 elementor-widget elementor-widget-proradio-elementor-post-grid\" data-id=\"f6562c3\" data-element_type=\"widget\" data-widget_type=\"proradio-elementor-post-grid.default\">\n\t\t\t\t<div class=\"elementor-widget-container\">\n\t\t\t\t\t\t<div id=\"gridqt-post-grid-8029\" class=\"proradio-container proradio-post-grid\">\n\t\t\t\t<div id=\"bc6f4d986fd87b7450108a39d0a53b42\" class=\"proradio-row\">\n\t\t\t\t\t\t\t\t\t\t\t<div class=\"proradio-col proradio-col__post proradio-s12 proradio-m6 proradio-l3\">\n\t\t\t\t\t\t\t<article class=\"proradio-post proradio-post__card proradio-post__card--podcast proradio-darkbg proradio-negative post-3282 podcast type-podcast status-publish has-post-thumbnail hentry podcastfilter-festival\" data-qtwaypoints>\n\t<div class=\"proradio-bgimg proradio-bgimg--full proradio-duotone\">\n\t\t<img decoding=\"async\" width=\"370\" height=\"185\" src=\"https:\/\/www.radiotop.sk\/wp-content\/uploads\/2021\/10\/pr-demo8-podcast.jpg\" class=\"proradio-post__thumb wp-post-image\" alt=\"\" \/>\t<\/div>\n\n\t\t<div class=\"proradio-post__tracklist proradio-paper\">\n\t\t\t\t\t\t<div class=\"qtmplayer-tracklist proradio-tracklist-container\">\n\t\t\t\t\t<div class=\"qtmplayer-tracklist__content\">\n\t\t\t\t\t\t\t\t\t\t\t\t\t<h5 class=\"qtmplayer-tracklist__title proradio-caption proradio-caption__s\"><span>Tracklist<\/span><\/h5>\n\t\t\t\t\t\t\t\t\t\t\t\t\t<ul>\n\t\t\t\t\t\t\t\t\t\t\t\t\t\t\t\t<li data-cuetime=\"00:00:00\">\n\t\t\t\t\t\t\t\t\t\t<a \n\t\t\t\t\t\t\t\t\t\tdata-qtmplayer-title=\"TOPCAST 2024 &#8211; 017 \u0160peci\u00e1l AVANTASIA\"\n\t\t\t\t\t\t\t\t\t\tdata-qtmplayer-title=\"radiotopsk\"\n\t\t\t\t\t\t\t\t\t\tdata-qtmplayer-album=\"\"\n\t\t\t\t\t\t\t\t\t\tdata-qtmplayer-link=\"https:\/\/www.radiotop.sk\/?podcast=sound-opinions\"\n\t\t\t\t\t\t\t\t\t\tdata-qtmplayer-buylink=\"\"\n\t\t\t\t\t\t\t\t\t\tdata-qttrackurl=\"https:\/\/soundcloud.com\/radio-v-nitre\/topfest-2024-zilina-letisko-topcast-017-special-avantasia\" \n\t\t\t\t\t\t\t\t\t\tdata-qtplayercue=\"00:00:00\"><i class=\"material-icons\" aria-label=\"Forward\">fast_forward<\/i><\/a><span class=\"qtmplayer-tracklist__texts\"><span class=\"qtmplayer-tracklist__time\">00:00:00<\/span> <strong class=\"qtmplayer-tracklist__title\">Starting here - Intro<\/strong><\/span><\/li>\n\t\t\t\t\t\t\t\t\t\t\t\t\t\t\t\t\t\t<li data-cuetime=\"00:00:03\">\n\t\t\t\t\t\t\t\t\t\t<a \n\t\t\t\t\t\t\t\t\t\tdata-qtmplayer-title=\"TOPCAST 2024 &#8211; 017 \u0160peci\u00e1l AVANTASIA\"\n\t\t\t\t\t\t\t\t\t\tdata-qtmplayer-title=\"radiotopsk\"\n\t\t\t\t\t\t\t\t\t\tdata-qtmplayer-album=\"\"\n\t\t\t\t\t\t\t\t\t\tdata-qtmplayer-link=\"https:\/\/www.radiotop.sk\/?podcast=sound-opinions\"\n\t\t\t\t\t\t\t\t\t\tdata-qtmplayer-buylink=\"\"\n\t\t\t\t\t\t\t\t\t\tdata-qttrackurl=\"https:\/\/soundcloud.com\/radio-v-nitre\/topfest-2024-zilina-letisko-topcast-017-special-avantasia\" \n\t\t\t\t\t\t\t\t\t\tdata-qtplayercue=\"00:00:03\"><i class=\"material-icons\" aria-label=\"Forward\">fast_forward<\/i><\/a><span class=\"qtmplayer-tracklist__texts\"><span class=\"qtmplayer-tracklist__time\">00:00:03<\/span> <strong class=\"qtmplayer-tracklist__title\">We ask the optinion to our listeners - The interview<\/strong><\/span><\/li>\n\t\t\t\t\t\t\t\t\t\t\t\t\t\t\t\t\t\t<li data-cuetime=\"00:00:06\">\n\t\t\t\t\t\t\t\t\t\t<a \n\t\t\t\t\t\t\t\t\t\tdata-qtmplayer-title=\"TOPCAST 2024 &#8211; 017 \u0160peci\u00e1l AVANTASIA\"\n\t\t\t\t\t\t\t\t\t\tdata-qtmplayer-title=\"radiotopsk\"\n\t\t\t\t\t\t\t\t\t\tdata-qtmplayer-album=\"\"\n\t\t\t\t\t\t\t\t\t\tdata-qtmplayer-link=\"https:\/\/www.radiotop.sk\/?podcast=sound-opinions\"\n\t\t\t\t\t\t\t\t\t\tdata-qtmplayer-buylink=\"\"\n\t\t\t\t\t\t\t\t\t\tdata-qttrackurl=\"https:\/\/soundcloud.com\/radio-v-nitre\/topfest-2024-zilina-letisko-topcast-017-special-avantasia\" \n\t\t\t\t\t\t\t\t\t\tdata-qtplayercue=\"00:00:06\"><i class=\"material-icons\" aria-label=\"Forward\">fast_forward<\/i><\/a><span class=\"qtmplayer-tracklist__texts\"><span class=\"qtmplayer-tracklist__time\">00:00:06<\/span> <strong class=\"qtmplayer-tracklist__title\">Gofred Johnes - Guest point fo view<\/strong><\/span><\/li>\n\t\t\t\t\t\t\t\t\t\t\t\t\t\t\t<\/ul>\n\t\t\t\t\t<\/div>\n\t\t\t\t<\/div>\t\n\t\t\t\t\t<\/div>\n\t\n\n\t<div class=\"proradio-post__headercont\">\n\t\t<a class=\"proradio-post__header__link\" href=\"https:\/\/www.radiotop.sk\/?podcast=sound-opinions\"><\/a>\n\n\t\t<div class=\"proradio-actions__cont\">\n\t<div class=\"proradio-actions\">\n\t\t\t\t\t<a href=\"https:\/\/www.radiotop.sk\/?podcast=sound-opinions\" class=\"proradio-actionicon\"><i class=\"material-icons\">insert_link<\/i><\/a>\n\t\t\t\n\n\t\t\t\t<span class=\"proradio-actions__a1\">\t\t<a data-ttgreaktions-shareboxfull=\"{&quot;id&quot;:&quot;3282&quot;,&quot;shared&quot;:&quot;https:\\\/\\\/www.radiotop.sk\\\/?podcast=sound-opinions&quot;,&quot;title&quot;:&quot;TOPCAST 2024 &#8211; 017 \\u0160peci\\u00e1l AVANTASIA&quot;,&quot;finalUrl&quot;:&quot;https:\\\/\\\/www.radiotop.sk\\\/?podcast=sound-opinions&amp;id=3282&amp;reaktions-share-fullpage=3282&amp;noajax=1&amp;label=Share&amp;btnclass=proradio-btn  proradio-btn__r&amp;secure=45d0db5e2c&quot;}\" href=\"#nojax\" class=\"proradio_reaktions-link \">\n\t\t\t<span class=\"qtli\"><i class=\"reakticons-share\"><\/i><\/span><span class=\"count\">13<\/span>\n\t\t<\/a>\n\t\t<\/span>\n\t\t\n\n\t\t\t\t<span class=\"proradio-actions__a2\">\t\t<a data-ttgreaktions-lovelink class=\"proradio_reaktions-link \" data-post_id=\"3282\" href=\"#\">\n\t        <span class=\"qtli\"><i class=\"reakticons-heart\"><\/i><\/span><span class=\"qtli count\">12<\/span>\n\t    <\/a>\n\t\t<\/span>\n\t\t\t<\/div>\n<\/div>\n\n\n\t\t<div class=\"proradio-post__card__cap\">\n\t\t\t<p class=\"proradio-cats\">\n\t\t\t\t<a href=\"https:\/\/www.radiotop.sk\/?podcastfilter=festival\" class=\"proradio-catid-74\">Festival<\/a>\t\t\t<\/p>\n\t\t\t<h3 class=\"proradio-post__title proradio-h4 proradio-cutme-t-2\"><a href=\"https:\/\/www.radiotop.sk\/?podcast=sound-opinions\">TOPCAST 2024 &#8211; 017 \u0160peci\u00e1l AVANTASIA<\/a><\/h3>\n\t\t\t<p class=\"proradio-meta proradio-small\">\n\t\t\t\t<span class=\"proradio-date\"><i class=\"material-icons\">today<\/i>15. janu\u00e1ra 2021<\/span>\t\t\t\t<span><i class=\"reakticons-eye\"><\/i>265<\/span><span><\/span><span>\t\t<a data-ttgreaktions-lovelink class=\"proradio_reaktions-link \" data-post_id=\"3282\" href=\"#\">\n\t        <span class=\"qtli\"><i class=\"reakticons-heart\"><\/i><\/span><span class=\"qtli count\">12<\/span>\n\t    <\/a>\n\t\t<\/span><span>\t\t<a data-ttgreaktions-shareboxfull=\"{&quot;id&quot;:&quot;3282&quot;,&quot;shared&quot;:&quot;https:\\\/\\\/www.radiotop.sk\\\/?podcast=sound-opinions&quot;,&quot;title&quot;:&quot;TOPCAST 2024 &#8211; 017 \\u0160peci\\u00e1l AVANTASIA&quot;,&quot;finalUrl&quot;:&quot;https:\\\/\\\/www.radiotop.sk\\\/?podcast=sound-opinions&amp;id=3282&amp;reaktions-share-fullpage=3282&amp;noajax=1&amp;label=Share&amp;btnclass=proradio-btn proradio-btn__r&amp;secure=45d0db5e2c&quot;}\" href=\"#nojax\" class=\"proradio_reaktions-link \">\n\t\t\t<span class=\"qtli\"><i class=\"reakticons-share\"><\/i><\/span><span class=\"count\">13<\/span>\n\t\t<\/a>\n\t\t<\/span>\n\t\t\t<\/p>\n\t\t<\/div>\n\t\t\n\n\t<\/div>\n\n\t\t<a href=\"#\" data-proradio-activates=\"gparent\" class=\"proradio-post__more \"><i class='material-icons open'>more_vert<\/i><i class='material-icons close proradio-text-accent'>close<\/i><\/a>\n\t\t\n<\/article>\n\t\t\t\t\t\t<\/div>\n\t\t\t\t\t\t\t\t\t\t\t\t<div class=\"proradio-col proradio-col__post proradio-s12 proradio-m6 proradio-l3\">\n\t\t\t\t\t\t\t<article class=\"proradio-post proradio-post__card proradio-post__card--podcast proradio-darkbg proradio-negative post-3281 podcast type-podcast status-publish has-post-thumbnail hentry podcastfilter-festival\" data-qtwaypoints>\n\t<div class=\"proradio-bgimg proradio-bgimg--full proradio-duotone\">\n\t\t<img decoding=\"async\" width=\"370\" height=\"185\" src=\"https:\/\/www.radiotop.sk\/wp-content\/uploads\/2021\/10\/pr-demo8-podcast.jpg\" class=\"proradio-post__thumb wp-post-image\" alt=\"\" \/>\t<\/div>\n\n\t\t<div class=\"proradio-post__tracklist proradio-paper\">\n\t\t\t\t\t\t<div class=\"qtmplayer-tracklist proradio-tracklist-container\">\n\t\t\t\t\t<div class=\"qtmplayer-tracklist__content\">\n\t\t\t\t\t\t\t\t\t\t\t\t\t<h5 class=\"qtmplayer-tracklist__title proradio-caption proradio-caption__s\"><span>Tracklist<\/span><\/h5>\n\t\t\t\t\t\t\t\t\t\t\t\t\t<ul>\n\t\t\t\t\t\t\t\t\t\t\t\t\t\t\t\t<li data-cuetime=\"00:00:00\">\n\t\t\t\t\t\t\t\t\t\t<a \n\t\t\t\t\t\t\t\t\t\tdata-qtmplayer-title=\"TOPCAST 2024 &#8211; 016 \u0160peci\u00e1l FIVE FINGER DEATH PUNCH\"\n\t\t\t\t\t\t\t\t\t\tdata-qtmplayer-title=\"radiotopsk\"\n\t\t\t\t\t\t\t\t\t\tdata-qtmplayer-album=\"\"\n\t\t\t\t\t\t\t\t\t\tdata-qtmplayer-link=\"https:\/\/www.radiotop.sk\/?podcast=the-classic-rock-podcast\"\n\t\t\t\t\t\t\t\t\t\tdata-qtmplayer-buylink=\"\"\n\t\t\t\t\t\t\t\t\t\tdata-qttrackurl=\"http:\/\/15%20pokra\u010dovanie%20z\u00e1kulisn\u00fdch%20re\u010d\u00ed%20o%20najv\u00e4\u010d\u0161om%20rockovom%20festivale%20na%20Slovensku%20-%20TOPFESTE%202024\" \n\t\t\t\t\t\t\t\t\t\tdata-qtplayercue=\"00:00:00\"><i class=\"material-icons\" aria-label=\"Forward\">fast_forward<\/i><\/a><span class=\"qtmplayer-tracklist__texts\"><span class=\"qtmplayer-tracklist__time\">00:00:00<\/span> <strong class=\"qtmplayer-tracklist__title\">Starting here - Intro<\/strong><\/span><\/li>\n\t\t\t\t\t\t\t\t\t\t\t\t\t\t\t\t\t\t<li data-cuetime=\"00:00:10\">\n\t\t\t\t\t\t\t\t\t\t<a \n\t\t\t\t\t\t\t\t\t\tdata-qtmplayer-title=\"TOPCAST 2024 &#8211; 016 \u0160peci\u00e1l FIVE FINGER DEATH PUNCH\"\n\t\t\t\t\t\t\t\t\t\tdata-qtmplayer-title=\"radiotopsk\"\n\t\t\t\t\t\t\t\t\t\tdata-qtmplayer-album=\"\"\n\t\t\t\t\t\t\t\t\t\tdata-qtmplayer-link=\"https:\/\/www.radiotop.sk\/?podcast=the-classic-rock-podcast\"\n\t\t\t\t\t\t\t\t\t\tdata-qtmplayer-buylink=\"\"\n\t\t\t\t\t\t\t\t\t\tdata-qttrackurl=\"http:\/\/15%20pokra\u010dovanie%20z\u00e1kulisn\u00fdch%20re\u010d\u00ed%20o%20najv\u00e4\u010d\u0161om%20rockovom%20festivale%20na%20Slovensku%20-%20TOPFESTE%202024\" \n\t\t\t\t\t\t\t\t\t\tdata-qtplayercue=\"00:00:10\"><i class=\"material-icons\" aria-label=\"Forward\">fast_forward<\/i><\/a><span class=\"qtmplayer-tracklist__texts\"><span class=\"qtmplayer-tracklist__time\">00:00:10<\/span> <strong class=\"qtmplayer-tracklist__title\">We ask the optinion to our listeners - The interview<\/strong><\/span><\/li>\n\t\t\t\t\t\t\t\t\t\t\t\t\t\t\t\t\t\t<li data-cuetime=\"00:00:20\">\n\t\t\t\t\t\t\t\t\t\t<a \n\t\t\t\t\t\t\t\t\t\tdata-qtmplayer-title=\"TOPCAST 2024 &#8211; 016 \u0160peci\u00e1l FIVE FINGER DEATH PUNCH\"\n\t\t\t\t\t\t\t\t\t\tdata-qtmplayer-title=\"radiotopsk\"\n\t\t\t\t\t\t\t\t\t\tdata-qtmplayer-album=\"\"\n\t\t\t\t\t\t\t\t\t\tdata-qtmplayer-link=\"https:\/\/www.radiotop.sk\/?podcast=the-classic-rock-podcast\"\n\t\t\t\t\t\t\t\t\t\tdata-qtmplayer-buylink=\"\"\n\t\t\t\t\t\t\t\t\t\tdata-qttrackurl=\"http:\/\/15%20pokra\u010dovanie%20z\u00e1kulisn\u00fdch%20re\u010d\u00ed%20o%20najv\u00e4\u010d\u0161om%20rockovom%20festivale%20na%20Slovensku%20-%20TOPFESTE%202024\" \n\t\t\t\t\t\t\t\t\t\tdata-qtplayercue=\"00:00:20\"><i class=\"material-icons\" aria-label=\"Forward\">fast_forward<\/i><\/a><span class=\"qtmplayer-tracklist__texts\"><span class=\"qtmplayer-tracklist__time\">00:00:20<\/span> <strong class=\"qtmplayer-tracklist__title\">Long John - Song One<\/strong><\/span><\/li>\n\t\t\t\t\t\t\t\t\t\t\t\t\t\t\t<\/ul>\n\t\t\t\t\t<\/div>\n\t\t\t\t<\/div>\t\n\t\t\t\t\t<\/div>\n\t\n\n\t<div class=\"proradio-post__headercont\">\n\t\t<a class=\"proradio-post__header__link\" href=\"https:\/\/www.radiotop.sk\/?podcast=the-classic-rock-podcast\"><\/a>\n\n\t\t<div class=\"proradio-actions__cont\">\n\t<div class=\"proradio-actions\">\n\t\t\t\t\t<a href=\"https:\/\/www.radiotop.sk\/?podcast=the-classic-rock-podcast\" class=\"proradio-actionicon\"><i class=\"material-icons\">insert_link<\/i><\/a>\n\t\t\t\n\n\t\t\t\t<span class=\"proradio-actions__a1\">\t\t<a data-ttgreaktions-shareboxfull=\"{&quot;id&quot;:&quot;3281&quot;,&quot;shared&quot;:&quot;https:\\\/\\\/www.radiotop.sk\\\/?podcast=the-classic-rock-podcast&quot;,&quot;title&quot;:&quot;TOPCAST 2024 &#8211; 016 \\u0160peci\\u00e1l FIVE FINGER DEATH PUNCH&quot;,&quot;finalUrl&quot;:&quot;https:\\\/\\\/www.radiotop.sk\\\/?podcast=the-classic-rock-podcast&amp;id=3281&amp;reaktions-share-fullpage=3281&amp;noajax=1&amp;label=Share&amp;btnclass=proradio-btn  proradio-btn__r&amp;secure=45d0db5e2c&quot;}\" href=\"#nojax\" class=\"proradio_reaktions-link \">\n\t\t\t<span class=\"qtli\"><i class=\"reakticons-share\"><\/i><\/span><span class=\"count\">4<\/span>\n\t\t<\/a>\n\t\t<\/span>\n\t\t\n\n\t\t\t\t<span class=\"proradio-actions__a2\">\t\t<a data-ttgreaktions-lovelink class=\"proradio_reaktions-link \" data-post_id=\"3281\" href=\"#\">\n\t        <span class=\"qtli\"><i class=\"reakticons-heart\"><\/i><\/span><span class=\"qtli count\">24<\/span>\n\t    <\/a>\n\t\t<\/span>\n\t\t\t<\/div>\n<\/div>\n\n\n\t\t<div class=\"proradio-post__card__cap\">\n\t\t\t<p class=\"proradio-cats\">\n\t\t\t\t<a href=\"https:\/\/www.radiotop.sk\/?podcastfilter=festival\" class=\"proradio-catid-74\">Festival<\/a>\t\t\t<\/p>\n\t\t\t<h3 class=\"proradio-post__title proradio-h4 proradio-cutme-t-2\"><a href=\"https:\/\/www.radiotop.sk\/?podcast=the-classic-rock-podcast\">TOPCAST 2024 &#8211; 016 \u0160peci\u00e1l FIVE FINGER DEATH PUNCH<\/a><\/h3>\n\t\t\t<p class=\"proradio-meta proradio-small\">\n\t\t\t\t<span class=\"proradio-date\"><i class=\"material-icons\">today<\/i>15. janu\u00e1ra 2021<\/span>\t\t\t\t<span><i class=\"reakticons-eye\"><\/i>294<\/span><span><\/span><span>\t\t<a data-ttgreaktions-lovelink class=\"proradio_reaktions-link \" data-post_id=\"3281\" href=\"#\">\n\t        <span class=\"qtli\"><i class=\"reakticons-heart\"><\/i><\/span><span class=\"qtli count\">24<\/span>\n\t    <\/a>\n\t\t<\/span><span>\t\t<a data-ttgreaktions-shareboxfull=\"{&quot;id&quot;:&quot;3281&quot;,&quot;shared&quot;:&quot;https:\\\/\\\/www.radiotop.sk\\\/?podcast=the-classic-rock-podcast&quot;,&quot;title&quot;:&quot;TOPCAST 2024 &#8211; 016 \\u0160peci\\u00e1l FIVE FINGER DEATH PUNCH&quot;,&quot;finalUrl&quot;:&quot;https:\\\/\\\/www.radiotop.sk\\\/?podcast=the-classic-rock-podcast&amp;id=3281&amp;reaktions-share-fullpage=3281&amp;noajax=1&amp;label=Share&amp;btnclass=proradio-btn proradio-btn__r&amp;secure=45d0db5e2c&quot;}\" href=\"#nojax\" class=\"proradio_reaktions-link \">\n\t\t\t<span class=\"qtli\"><i class=\"reakticons-share\"><\/i><\/span><span class=\"count\">4<\/span>\n\t\t<\/a>\n\t\t<\/span>\n\t\t\t<\/p>\n\t\t<\/div>\n\t\t\n\n\t<\/div>\n\n\t\t<a href=\"#\" data-proradio-activates=\"gparent\" class=\"proradio-post__more \"><i class='material-icons open'>more_vert<\/i><i class='material-icons close proradio-text-accent'>close<\/i><\/a>\n\t\t\n<\/article>\n\t\t\t\t\t\t<\/div>\n\t\t\t\t\t\t\t\t\t\t\t\t<div class=\"proradio-col proradio-col__post proradio-s12 proradio-m6 proradio-l3\">\n\t\t\t\t\t\t\t<article class=\"proradio-post proradio-post__card proradio-post__card--podcast proradio-darkbg proradio-negative post-3280 podcast type-podcast status-publish has-post-thumbnail hentry podcastfilter-festival\" data-qtwaypoints>\n\t<div class=\"proradio-bgimg proradio-bgimg--full proradio-duotone\">\n\t\t<img decoding=\"async\" width=\"370\" height=\"185\" src=\"https:\/\/www.radiotop.sk\/wp-content\/uploads\/2021\/10\/pr-demo8-podcast.jpg\" class=\"proradio-post__thumb wp-post-image\" alt=\"\" \/>\t<\/div>\n\n\t\n\n\t<div class=\"proradio-post__headercont\">\n\t\t<a class=\"proradio-post__header__link\" href=\"https:\/\/www.radiotop.sk\/?podcast=the-rock-and-roll-geek-show\"><\/a>\n\n\t\t<div class=\"proradio-actions__cont\">\n\t<div class=\"proradio-actions\">\n\t\t\t\t\t<a href=\"https:\/\/www.radiotop.sk\/?podcast=the-rock-and-roll-geek-show\" class=\"proradio-actionicon\"><i class=\"material-icons\">insert_link<\/i><\/a>\n\t\t\t\n\n\t\t\t\t<span class=\"proradio-actions__a1\">\t\t<a data-ttgreaktions-shareboxfull=\"{&quot;id&quot;:&quot;3280&quot;,&quot;shared&quot;:&quot;https:\\\/\\\/www.radiotop.sk\\\/?podcast=the-rock-and-roll-geek-show&quot;,&quot;title&quot;:&quot;TOPCAST 2024 &#8211; 015 \\u0160peci\\u00e1l Pretty Maids &#038; Rise Of The Northstar&quot;,&quot;finalUrl&quot;:&quot;https:\\\/\\\/www.radiotop.sk\\\/?podcast=the-rock-and-roll-geek-show&amp;id=3280&amp;reaktions-share-fullpage=3280&amp;noajax=1&amp;label=Share&amp;btnclass=proradio-btn  proradio-btn__r&amp;secure=45d0db5e2c&quot;}\" href=\"#nojax\" class=\"proradio_reaktions-link \">\n\t\t\t<span class=\"qtli\"><i class=\"reakticons-share\"><\/i><\/span><span class=\"count\">6<\/span>\n\t\t<\/a>\n\t\t<\/span>\n\t\t\n\n\t\t\t\t<span class=\"proradio-actions__a2\">\t\t<a data-ttgreaktions-lovelink class=\"proradio_reaktions-link \" data-post_id=\"3280\" href=\"#\">\n\t        <span class=\"qtli\"><i class=\"reakticons-heart\"><\/i><\/span><span class=\"qtli count\">3<\/span>\n\t    <\/a>\n\t\t<\/span>\n\t\t\t<\/div>\n<\/div>\n\n\n\t\t<div class=\"proradio-post__card__cap\">\n\t\t\t<p class=\"proradio-cats\">\n\t\t\t\t<a href=\"https:\/\/www.radiotop.sk\/?podcastfilter=festival\" class=\"proradio-catid-74\">Festival<\/a>\t\t\t<\/p>\n\t\t\t<h3 class=\"proradio-post__title proradio-h4 proradio-cutme-t-2\"><a href=\"https:\/\/www.radiotop.sk\/?podcast=the-rock-and-roll-geek-show\">TOPCAST 2024 &#8211; 015 \u0160peci\u00e1l Pretty Maids &#038; Rise Of The Northstar<\/a><\/h3>\n\t\t\t<p class=\"proradio-meta proradio-small\">\n\t\t\t\t<span class=\"proradio-date\"><i class=\"material-icons\">today<\/i>15. janu\u00e1ra 2021<\/span>\t\t\t\t<span><i class=\"reakticons-eye\"><\/i>144<\/span><span><\/span><span>\t\t<a data-ttgreaktions-lovelink class=\"proradio_reaktions-link \" data-post_id=\"3280\" href=\"#\">\n\t        <span class=\"qtli\"><i class=\"reakticons-heart\"><\/i><\/span><span class=\"qtli count\">3<\/span>\n\t    <\/a>\n\t\t<\/span><span>\t\t<a data-ttgreaktions-shareboxfull=\"{&quot;id&quot;:&quot;3280&quot;,&quot;shared&quot;:&quot;https:\\\/\\\/www.radiotop.sk\\\/?podcast=the-rock-and-roll-geek-show&quot;,&quot;title&quot;:&quot;TOPCAST 2024 &#8211; 015 \\u0160peci\\u00e1l Pretty Maids &#038; Rise Of The Northstar&quot;,&quot;finalUrl&quot;:&quot;https:\\\/\\\/www.radiotop.sk\\\/?podcast=the-rock-and-roll-geek-show&amp;id=3280&amp;reaktions-share-fullpage=3280&amp;noajax=1&amp;label=Share&amp;btnclass=proradio-btn proradio-btn__r&amp;secure=45d0db5e2c&quot;}\" href=\"#nojax\" class=\"proradio_reaktions-link \">\n\t\t\t<span class=\"qtli\"><i class=\"reakticons-share\"><\/i><\/span><span class=\"count\">6<\/span>\n\t\t<\/a>\n\t\t<\/span>\n\t\t\t<\/p>\n\t\t<\/div>\n\t\t\n\n\t<\/div>\n\n\t\t\n<\/article>\n\t\t\t\t\t\t<\/div>\n\t\t\t\t\t\t\t\t\t\t<\/div>\n\t\t\t<\/div>\n\t\t\t\t\t<\/div>\n\t\t\t\t<\/div>\n\t\t\t\t\t<\/div>\n\t\t\t\t<\/div>\n\t\t\t\t\t\t\t<\/div>\n\t\t","protected":false},"excerpt":{"rendered":"<p>Tracklist fast_forward00:00:00 Starting here &#8211; Intro fast_forward00:00:03 We ask the optinion to our listeners &#8211; The interview fast_forward00:00:06 Gofred Johnes &#8211; Guest point fo view play_arrow 12 12 Lifestyle Sound Opinions today15. janu\u00e1ra 2021 113 12 12 more_vertclose Tracklist fast_forward00:00:00 Starting here &#8211; Intro fast_forward00:00:10 We ask the optinion to ...<\/p>\n","protected":false},"author":2,"featured_media":0,"parent":0,"menu_order":0,"comment_status":"closed","ping_status":"closed","template":"page-visualcomposer.php","meta":{"footnotes":""},"class_list":["post-8029","page","type-page","status-publish","hentry"],"_links":{"self":[{"href":"https:\/\/www.radiotop.sk\/index.php?rest_route=\/wp\/v2\/pages\/8029","targetHints":{"allow":["GET"]}}],"collection":[{"href":"https:\/\/www.radiotop.sk\/index.php?rest_route=\/wp\/v2\/pages"}],"about":[{"href":"https:\/\/www.radiotop.sk\/index.php?rest_route=\/wp\/v2\/types\/page"}],"author":[{"embeddable":true,"href":"https:\/\/www.radiotop.sk\/index.php?rest_route=\/wp\/v2\/users\/2"}],"replies":[{"embeddable":true,"href":"https:\/\/www.radiotop.sk\/index.php?rest_route=%2Fwp%2Fv2%2Fcomments&post=8029"}],"version-history":[{"count":4,"href":"https:\/\/www.radiotop.sk\/index.php?rest_route=\/wp\/v2\/pages\/8029\/revisions"}],"predecessor-version":[{"id":8035,"href":"https:\/\/www.radiotop.sk\/index.php?rest_route=\/wp\/v2\/pages\/8029\/revisions\/8035"}],"wp:attachment":[{"href":"https:\/\/www.radiotop.sk\/index.php?rest_route=%2Fwp%2Fv2%2Fmedia&parent=8029"}],"curies":[{"name":"wp","href":"https:\/\/api.w.org\/{rel}","templated":true}]}}